1. Determine d(2).
3
Suppose 5*f - 5 = 15. Let t(g) = -g**2 + 6*g + 3. Let y be t(6). Let a(w) = -2 - f + w**y + 0 + 3. Determine a(0).
-3
Let c(n) be the first derivative of -n**2/2 - 148. What is c(-4)?
4
Let a(w) = -3*w - 2. Let m be (1 - 3)/(18/9). Calculate a(m).
1
Let j(w) = -w**3 - 7*w**2 + w + 6. Let p be ((-7)/(-4))/(8 + 264/(-32)). Give j(p).
-1
Let r be (487 + -3)*(13/4 + -3). Let j = r + -127. Let d(z) = -z**3 - 7*z**2 - 9*z - 8. Calculate d(j).
10
Let j(k) be the third derivative of k**6/120 + k**5/60 - k**4/24 + k**3/6 - 138*k**2. Suppose 2*w = -0*w. Suppose w*v = -2*v. Calculate j(v).
1
Suppose -5*b = -112 - 98. Let v be 4*(-9)/b*7. Let x(z) = z**2 + 8*z - 3. Let j(q) = 4*q**2 + 33*q - 13. Let r(g) = -2*j(g) + 9*x(g). Give r(v).
-1
Let c(l) = 0*l**2 - l**3 - 2*l + 2*l**2 + l**2 + 1 + 2*l**3. Let d = 203 + -206. Calculate c(d).
7
Suppose -4*z + 20 = -0*z. Let d(m) = 1 - 1 + 2*m - 5. What is d(z)?
5
Let s(r) = 210*r - 4 - 433*r + 215*r. Calculate s(-3).
20
Suppose -14 = -2*o + 2*q, -5*q + 17 = 5*o - q. Let k(c) = 10*c - 8. Give k(o).
42
Let m be 1/(3/8) + (-122)/183. Let b(o) be the second derivative of o**3/6 + o**2/2 - 2*o. Calculate b(m).
3
Let f(h) = h - 4. Let o(u) = -10*u - 4 - 4*u**2 + 3*u**2 + 2*u**2 + 2. Let w be o(11). Suppose q = w - 4. Determine f(q).
1
Let c = 115 - 165. Let a = 45 + c. Let m(i) = i**2 + 3*i - 7. Give m(a).
3
Let b = 14 + -129. Let o = -109 - b. Let t(w) be the third derivative of w**5/60 - 7*w**4/24 + w**3 - w**2. Give t(o).
0
Let l = -183 + 188. Let d(z) = 0*z - 4 + 0*z + z. Calculate d(l).
1
Let u(p) = p**2 - 3*p. Let t be (36/20 + -3)*20/(-6). Let c be (2 - (1 - 1))*6/t. Determine u(c).
0
Let d be -47*3/6 + 12/(-24). Let p = 26 + d. Let i(u) = 4*u**2 + 3*u - 2. What is i(p)?
20
Let h(q) = 12*q + 3. Let i(p) = p. Let d(y) = h(y) - 4*i(y). Let o = -19 + 17. What is d(o)?
-13
Let f be 0 - -1 - (-19 + 1). Let h = -20 + f. Let u(v) = 6*v**2 + 2*v + 1. Let g be u(h). Let y(o) = o**2 - 4*o + 5. Determine y(g).
10
Let a(m) = -m**2 - 5*m + 2. Suppose -2*c - 5 = -5*v - 0, -5*v = -4*c + 5. Let j be (4 - c/1) + -6. Determine a(j).
-12
Let t(w) = 19*w - 22. Let o(i) = -22*i + 22. Let b(r) = -6*o(r) - 7*t(r). Calculate b(20).
2
Let b = 28 - 24. Let u(i) be the second derivative of i**5/30 - 7*i**4/24 + 2*i**3/3 + 6*i**2 - 6*i. Let n(y) be the first derivative of u(y). Determine n(b).
8
Let x = -142 + 135. Let j(u) = -u**3 - 8*u**2 - 8*u - 5. Determine j(x).
2
Let w(o) = 3*o**2 + 3*o - 38. Let s(p) = -p**2 - p + 13. Let x(g) = -7*s(g) - 2*w(g). Calculate x(0).
-15
Let a be 3 + 2 + -5 + 6. Suppose -7*t = -6*t + a. Let k(u) = -u**3 - 6*u**2 - 2. What is k(t)?
-2
Let m(s) = 7*s**3 + 2*s**2 + 3*s. Suppose -83*g = -81*g + 2. What is m(g)?
-8
Let v(s) = -s**3 - s + 1 + 4*s**2 + 2*s + 4. Suppose 6*x - 2*x = 4*l - 28, x + 5 = 0. Suppose -22 = -4*i + l*n, -4*i + 6 = -5*n - 25. Give v(i).
9
Suppose 33 = 2*r + k - 4*k, 2*k - 20 = -r. Let m = r + -18. Let j(c) = -c + 13. Determine j(m).
13
Let c(f) = 3*f**3 - f**2 - 3*f + 1. Suppose 57 = 12*o - 3. Suppose 0*w - 8 = -4*d - w, 2*d - 4 = o*w. Calculate c(d).
15
Let d(a) = -a**3 - 6*a**2 - 7*a - 5. Suppose 0 = -5*z + 2*z + 3*p - 24, -5*z = 3*p + 40. Let t be (z/(-5))/(30/(-75)). Give d(t).
-9
Let d be 2 - (-6)/(4 - 1). Let u(n) be the first derivative of 1/4*n**4 - n**3 - 2*n**2 - 3*n - 1. Calculate u(d).
-3
Suppose 2*q - 2 = 4*a, 3*q + 14*a + 15 = 11*a. Let t(y) = -3*y**2 + 4. Calculate t(q).
-23
Let d(n) be the third derivative of n**6/120 + 13*n**5/60 + 11*n**4/24 - 5*n**3/2 - 6*n**2 - 15. Calculate d(-12).
-3
Suppose -5*l + 20 = -5*b, 4*b - 3*b = -2*l - 1. Let r(j) be the first derivative of 4*j**3/3 - j**2/2 + j - 2. Determine r(l).
4
Suppose -2*v + 119 = 95. Let w(a) = -a**3 + 13*a**2 - 13*a + 6. What is w(v)?
-6
Let b(x) be the first derivative of -x**5/20 + x**4/2 + x**3/2 - 4*x**2 - 10*x - 9. Let j(g) be the first derivative of b(g). Calculate j(6).
10
Let h(p) = -p - 6. Let u be 14/18 + 4/18. Suppose 5*m - 5*o + 25 = 0, -o - u = m - 6. What is h(m)?
-6
Let o(m) = -m**2 - 1. Let r(w) = 4*w**2 - 2. Let i(g) = -6*o(g) - r(g). Let q(t) be the first derivative of i(t). Determine q(2).
8
Let o(l) = 2*l**3 + 9*l**2 + 2*l - 8. Let x(n) = -3*n**3 - 17*n**2 - 4*n + 15. Let h(m) = -5*o(m) - 3*x(m). Determine h(6).
7
Let a(y) = 21 - y**2 + 2*y**2 - 37 + 1. Give a(0).
-15
Let l = -21 - -18. Let x(z) = z**3 + 3*z**2 + z + 2. Calculate x(l).
-1
Let u(m) be the third derivative of -m**6/120 - 2*m**5/15 - 11*m**4/24 - 7*m**3/6 - 195*m**2. Give u(-7).
21
Let p(a) = -a. Suppose -92 = -3*c - c. Let d = c + -24. Give p(d).
1
Let s(a) be the second derivative of -a**3/3 + 2*a**2 - 2*a + 1959. Suppose 0 = 5*c - w + 21, 4*c = -0*w - 2*w - 28. What is s(c)?
14
Suppose h + 4*h + 55 = 0. Let j = -9 - h. Let n(b) = -b**2 + b + 1. Determine n(j).
-1
Let f(z) = -2*z + 3 - 2*z**2 + 3*z**2 - 3*z. Let x = -236 - -125. Let s = x + 115. Calculate f(s).
-1
Let w(h) be the third derivative of h**5/60 - h**4/3 - h**3/3 + 202*h**2. What is w(8)?
-2
Let i(h) be the third derivative of -h**4/24 - h**3/3 + 4*h**2 + 9. What is i(-8)?
6
Let k(v) = 5*v**2 - 4*v + 13. Let w(f) = -2*f**2 + f - 4. Let c be 9*(7/3 + -2). Let q(g) = c*k(g) + 8*w(g). What is q(-5)?
2
Let g(b) = -5*b + 5. Let y(h) = -5*h + 4. Let w(q) = -5*g(q) + 6*y(q). Suppose 0*v - 3*d = -3*v + 6, -5*v + 14 = -4*d. Let p = -5 + v. Calculate w(p).
-6
Suppose 2*z - 3*b = -0*z + 15, 3*b + 18 = 3*z. Let k be -2 - (-2 - 2 - -1). Let j(n) = -k + 1 + 0*n**2 - 2*n**2 + 4*n. What is j(z)?
-6
Suppose 0 = -w + 2*w. Suppose m - 10 + 4 = w. Let z(f) = 2*f**2 + 4*f - 9. Let l(a) = -5*a**2 - 7*a + 18. Let n(y) = 3*l(y) + 7*z(y). Give n(m).
-3
Suppose 159 = 7*r - 184. Suppose -4*o - r = -41. Let v(w) = w**2 + 2*w - 1. Calculate v(o).
-1
Let m(i) = 9*i**2 + i + 7. Let l(s) = -11*s**2 - 8. Let t(f) = 5*l(f) + 6*m(f). Suppose -1 + 13 = 2*a. What is t(a)?
2
Let l(q) be the third derivative of q**6/360 + 7*q**5/120 + q**4/6 - 11*q**3/6 + 8*q**2. Let m(a) be the first derivative of l(a). Give m(-7).
4
Let d(l) = 4 - 7*l**2 - l**2 - l**3 - 189*l + 382*l - 191*l. Calculate d(-8).
-12
Suppose q + 34 = -3*m - q, 0 = 4*m - 2*q + 36. Let g be 10/4*(-16)/m. Let h(b) = 5*b + 5. Let p(f) = 9*f + 7. Let t(c) = -3*h(c) + 2*p(c). Calculate t(g).
11
Let p(q) be the third derivative of q**4/24 - q**3/6 + q**2 + 2. Give p(-6).
-7
Let z be (-108)/(-16) - (-1)/4. Suppose o + 29 = -o + m, -z = o + m. Let f be (-2 + 17)*4/o. Let v(x) = -x - 7. Determine v(f).
-2
Let p be ((-76)/(-3))/(-4)*-3. Suppose -l - 5*i = -2*i + p, -5*i = 2*l + 34. Let g = -8 - l. Let a(q) = -7*q**2 + 1. Determine a(g).
-6
Let u = 1599 - 1607. Let i(t) = t**3 + 7*t**2 - 7*t - 12. Give i(u).
-20
Let t(z) = 3*z - 3. Suppose 2*u + 5 = -w + 17, 2*u - 52 = -5*w. Suppose 0 = -11*f + 12*f - w. Let i be (-9)/(-5) - f/(-50). Calculate t(i).
3
Let k(p) = p**3 - 3*p**2 - 2*p + 4. Let u be (-20)/(-6) + (-2)/6. Give k(u).
-2
Let m = -12 + 9. Let q(i) be the first derivative of i**4/4 + 2*i**3/3 - i**2 + 3*i - 22. Calculate q(m).
0
Let w be 20/6*9/(-6). Let a = 17 - 15. Let n(d) = 2 - 5 + d**a + 2 + 6*d + 4. Give n(w).
-2
Let w(m) be the second derivative of -4*m**2 + 0 - 4*m + 4/3*m**3 - 1/12*m**4. What is w(6)?
4
Let k(r) = -5 - 2*r + 3*r + 6. Let g(o) = -o**3 + 2*o**2 + o + 4. Suppose 12 = 2*l + 4. Let c(t) = l*k(t) - g(t). Calculate c(2).
6
Let v be 21/(-3150)*(-5)/2. Let r(c) be the third derivative of -v*c**5 + 0 + 0*c + 1/24*c**4 - 2*c**2 + 0*c**3. Determine r(0).
0
Let m(a) = -5*a + 68. Let n(x) be the first derivative of 3*x**2/2 - 45*x - 2. Let d(w) = 5*m(w) + 8*n(w). What is d(0)?
-20
Suppose -38 + 10 = -4*f. Let x(y) = y**2 - 5*y - 9. Let p be x(f). Suppose 4*q - d = -22, -2*d = 3*q + p + 6. Let c(a) = -a**2 - 6*a - 2. What is c(q)?
3
Let u(x) = -23*x**3 + 2*x**2 + 2*x. Let c be u(-1). Suppose -7 = 5*h + c. Let y(j) = j**3 + 6*j**2 + 2*j + 7. What is y(h)?
-5
Let q(v) be the first derivative of 9*v**4/4 - 2*v**3/3 - v**2 - v - 62. Give q(-1).
-10
Let k(g) = -g**2. Suppose -5*m = 4*j + 27, -5*m - 21 - 9 = 5*j. Let v(u) = -2*u**2 - u + 1. Let o(f) = j*k(f) + v(f). What is o(2)?
3
Let x(s) = s + 5. Suppose 0 = -3*j + 2*j + 6. Suppose -7 = 3*p - 22. Suppose -p*q - j = 14. Determine x(q).
1
Let n(x) = x - 4. Let l(u) =